{"id":133,"date":"2025-08-31T01:13:17","date_gmt":"2025-08-31T01:13:17","guid":{"rendered":"https:\/\/caran.website\/musicchristian\/?page_id=133"},"modified":"2025-09-06T18:31:17","modified_gmt":"2025-09-06T18:31:17","slug":"lanzamientos","status":"publish","type":"page","link":"https:\/\/caran.website\/musicchristian\/lanzamientos\/","title":{"rendered":"Lanzamientos"},"content":{"rendered":"\t\t<div data-elementor-type=\"wp-page\" data-elementor-id=\"133\" class=\"elementor elementor-133\" data-elementor-post-type=\"page\">\n\t\t\t\t<div class=\"elementor-element elementor-element-7c5d678 e-flex e-con-boxed e-con e-parent\" data-id=\"7c5d678\" data-element_type=\"container\" data-e-type=\"container\">\n\t\t\t\t\t<div class=\"e-con-inner\">\n\t\t\t\t<div class=\"elementor-element elementor-element-20b97b7 elementor-widget elementor-widget-image\" data-id=\"20b97b7\" data-element_type=\"widget\" data-e-type=\"widget\" data-widget_type=\"image.default\">\n\t\t\t\t\t\t\t\t\t\t\t\t\t\t\t<img fetchpriority=\"high\" decoding=\"async\" width=\"800\" height=\"450\" src=\"https:\/\/caran.website\/musicchristian\/wp-content\/uploads\/2025\/08\/Blog-02-1024x576.png\" class=\"attachment-large size-large wp-image-44\" alt=\"\" srcset=\"https:\/\/caran.website\/musicchristian\/wp-content\/uploads\/2025\/08\/Blog-02-1024x576.png 1024w, https:\/\/caran.website\/musicchristian\/wp-content\/uploads\/2025\/08\/Blog-02-300x169.png 300w, https:\/\/caran.website\/musicchristian\/wp-content\/uploads\/2025\/08\/Blog-02-768x432.png 768w, https:\/\/caran.website\/musicchristian\/wp-content\/uploads\/2025\/08\/Blog-02.png 1280w\" sizes=\"(max-width: 800px) 100vw, 800px\" \/>\t\t\t\t\t\t\t\t\t\t\t\t\t\t\t<\/div>\n\t\t\t\t\t<\/div>\n\t\t\t\t<\/div>\n\t\t<div class=\"elementor-element elementor-element-135a528 e-flex e-con-boxed e-con e-parent\" data-id=\"135a528\" data-element_type=\"container\" data-e-type=\"container\">\n\t\t\t\t\t<div class=\"e-con-inner\">\n\t\t<div class=\"elementor-element elementor-element-3facf74 e-con-full e-flex e-con e-child\" data-id=\"3facf74\" data-element_type=\"container\" data-e-type=\"container\">\n\t\t<div class=\"elementor-element elementor-element-b213f54 e-con-full e-flex e-con e-child\" data-id=\"b213f54\" data-element_type=\"container\" data-e-type=\"container\">\n\t\t\t\t<div class=\"elementor-element elementor-element-559827b elementor-widget elementor-widget-heading\" data-id=\"559827b\" data-element_type=\"widget\" data-e-type=\"widget\" data-widget_type=\"heading.default\">\n\t\t\t\t\t<h2 class=\"elementor-heading-title elementor-size-default\">Montesanto irrumpe con \u2018Como David\u2019: un himno de fe, valent\u00eda y adoraci\u00f3n contempor\u00e1nea<\/h2>\t\t\t\t<\/div>\n\t\t\t\t<\/div>\n\t\t\t\t<\/div>\n\t\t<div class=\"elementor-element elementor-element-b22a173 e-con-full e-flex e-con e-child\" data-id=\"b22a173\" data-element_type=\"container\" data-e-type=\"container\">\n\t\t\t\t<div class=\"elementor-element elementor-element-c210f71 elementor-widget elementor-widget-text-editor\" data-id=\"c210f71\" data-element_type=\"widget\" data-e-type=\"widget\" data-widget_type=\"text-editor.default\">\n\t\t\t\t\t\t\t\t\t<p data-start=\"218\" data-end=\"555\">Despu\u00e9s de un per\u00edodo sin estrenos, la aclamada banda cristiana <strong data-start=\"282\" data-end=\"296\">Montesanto<\/strong>, originaria de Venezuela y formada en 2015, vuelve con toda su energ\u00eda e inspiraci\u00f3n. Su m\u00e1s reciente sencillo, <strong data-start=\"409\" data-end=\"425\">\u201cComo David\u201d<\/strong>, cuenta con la colaboraci\u00f3n del artista urbano <strong data-start=\"473\" data-end=\"488\">Jairon High<\/strong>, marcando una fusi\u00f3n perfecta entre adoraci\u00f3n y ritmos modernos.<\/p><p data-start=\"557\" data-end=\"855\">\u201cComo David\u201d est\u00e1 inspirado en la historia b\u00edblica del rey David y su triunfo sobre Goliat, as\u00ed como en el Salmo 121. La letra invita a los creyentes a levantar su mirada en medio de las dificultades, recordando que la verdadera fuerza proviene de Dios y que la adoraci\u00f3n es el arma m\u00e1s poderosa.<\/p><p data-start=\"857\" data-end=\"1153\">\u00a0<\/p>\t\t\t\t\t\t\t\t<\/div>\n\t\t\t\t<\/div>\n\t\t\t\t\t<\/div>\n\t\t\t\t<\/div>\n\t\t<div class=\"elementor-element elementor-element-363ef36 e-flex e-con-boxed e-con e-parent\" data-id=\"363ef36\" data-element_type=\"container\" data-e-type=\"container\">\n\t\t\t\t\t<div class=\"e-con-inner\">\n\t\t<div class=\"elementor-element elementor-element-2614e74 e-con-full e-flex e-con e-child\" data-id=\"2614e74\" data-element_type=\"container\" data-e-type=\"container\">\n\t\t<div class=\"elementor-element elementor-element-7279b5a e-con-full e-flex e-con e-child\" data-id=\"7279b5a\" data-element_type=\"container\" data-e-type=\"container\">\n\t\t\t\t<div class=\"elementor-element elementor-element-ffc4279 elementor-widget elementor-widget-video\" data-id=\"ffc4279\" data-element_type=\"widget\" data-e-type=\"widget\" data-settings=\"{&quot;youtube_url&quot;:&quot;https:\\\/\\\/youtu.be\\\/PHhXEjdFHVs?si=af9aQMet_tjcswj4&quot;,&quot;video_type&quot;:&quot;youtube&quot;,&quot;controls&quot;:&quot;yes&quot;}\" data-widget_type=\"video.default\">\n\t\t\t\t\t\t\t<div class=\"elementor-wrapper elementor-open-inline\">\n\t\t\t<div class=\"elementor-video\"><\/div>\t\t<\/div>\n\t\t\t\t\t\t<\/div>\n\t\t\t\t<\/div>\n\t\t\t\t<\/div>\n\t\t<div class=\"elementor-element elementor-element-e08853e e-con-full e-flex e-con e-child\" data-id=\"e08853e\" data-element_type=\"container\" data-e-type=\"container\">\n\t\t\t\t<div class=\"elementor-element elementor-element-084352e elementor-widget elementor-widget-text-editor\" data-id=\"084352e\" data-element_type=\"widget\" data-e-type=\"widget\" data-widget_type=\"text-editor.default\">\n\t\t\t\t\t\t\t\t\t<p data-start=\"857\" data-end=\"1153\">Este sencillo destaca por su sonido contempor\u00e1neo y su vibrante producci\u00f3n musical. La intervenci\u00f3n de Jairon High, con su estilo urbano y expresivo, aporta una autenticidad \u00fanica, especialmente en el puente donde el rap conecta directamente con una nueva generaci\u00f3n buscadora de fe y realismo.<\/p><p data-start=\"1155\" data-end=\"1421\">El video oficial, filmado en Rep\u00fablica Dominicana, combina nostalgia y esperanza visualmente, recreando s\u00edmbolos de fe y momentos emotivos que reflejan el regreso de la banda a sus ra\u00edces y su compromiso con transmitir un mensaje renovado de fortaleza y adoraci\u00f3n.<\/p><p data-start=\"1423\" data-end=\"1717\">\u201cComo David\u201d ya est\u00e1 disponible en todas las plataformas digitales, listo para inspirar y ser parte de playlists de adoraci\u00f3n contempor\u00e1nea. Este lanzamiento no s\u00f3lo es un nuevo himno, sino tambi\u00e9n un llamado generacional: \u00a1adoremos con autenticidad, valent\u00eda y sin temor, como lo hizo David!<\/p>\t\t\t\t\t\t\t\t<\/div>\n\t\t\t\t<\/div>\n\t\t\t\t\t<\/div>\n\t\t\t\t<\/div>\n\t\t<div class=\"elementor-element elementor-element-68c53a6 e-flex e-con-boxed e-con e-parent\" data-id=\"68c53a6\" data-element_type=\"container\" data-e-type=\"container\">\n\t\t\t\t\t<div class=\"e-con-inner\">\n\t\t\t\t\t<\/div>\n\t\t\t\t<\/div>\n\t\t<div class=\"elementor-element elementor-element-1315358 e-flex e-con-boxed e-con e-parent\" data-id=\"1315358\" data-element_type=\"container\" data-e-type=\"container\">\n\t\t\t\t\t<div class=\"e-con-inner\">\n\t\t<div class=\"elementor-element elementor-element-6e28ddf e-con-full e-flex e-con e-child\" data-id=\"6e28ddf\" data-element_type=\"container\" data-e-type=\"container\">\n\t\t<div class=\"elementor-element elementor-element-4061f7d e-con-full e-flex e-con e-child\" data-id=\"4061f7d\" data-element_type=\"container\" data-e-type=\"container\" data-settings=\"{&quot;background_background&quot;:&quot;classic&quot;}\">\n\t\t<div class=\"elementor-element elementor-element-141bf47 e-con-full e-flex e-con e-child\" data-id=\"141bf47\" data-element_type=\"container\" data-e-type=\"container\">\n\t\t\t\t<div class=\"elementor-element elementor-element-645e7a6 elementor-widget__width-auto elementor-absolute elementor-widget elementor-widget-image\" data-id=\"645e7a6\" data-element_type=\"widget\" data-e-type=\"widget\" data-settings=\"{&quot;_position&quot;:&quot;absolute&quot;}\" data-widget_type=\"image.default\">\n\t\t\t\t\t\t\t\t\t\t\t\t\t\t\t<img decoding=\"async\" width=\"719\" height=\"694\" src=\"https:\/\/caran.website\/musicchristian\/wp-content\/uploads\/2025\/09\/Sin-titulo-1-02.png\" class=\"attachment-large size-large wp-image-212\" alt=\"\" srcset=\"https:\/\/caran.website\/musicchristian\/wp-content\/uploads\/2025\/09\/Sin-titulo-1-02.png 719w, https:\/\/caran.website\/musicchristian\/wp-content\/uploads\/2025\/09\/Sin-titulo-1-02-300x290.png 300w\" sizes=\"(max-width: 719px) 100vw, 719px\" \/>\t\t\t\t\t\t\t\t\t\t\t\t\t\t\t<\/div>\n\t\t\t\t<\/div>\n\t\t<div class=\"elementor-element elementor-element-6cb4283 e-con-full e-flex e-con e-child\" data-id=\"6cb4283\" data-element_type=\"container\" data-e-type=\"container\">\n\t\t\t\t<div class=\"elementor-element elementor-element-942b933 elementor-shape-circle elementor-grid-0 e-grid-align-center elementor-widget elementor-widget-social-icons\" data-id=\"942b933\" data-element_type=\"widget\" data-e-type=\"widget\" data-widget_type=\"social-icons.default\">\n\t\t\t\t\t\t\t<div class=\"elementor-social-icons-wrapper elementor-grid\" role=\"list\">\n\t\t\t\t\t\t\t<span class=\"elementor-grid-item\" role=\"listitem\">\n\t\t\t\t\t<a class=\"elementor-icon elementor-social-icon elementor-social-icon-facebook elementor-repeater-item-b0cf375\" target=\"_blank\">\n\t\t\t\t\t\t<span class=\"elementor-screen-only\">Facebook<\/span>\n\t\t\t\t\t\t<svg aria-hidden=\"true\" class=\"e-font-icon-svg e-fab-facebook\" viewBox=\"0 0 512 512\" xmlns=\"http:\/\/www.w3.org\/2000\/svg\"><path d=\"M504 256C504 119 393 8 256 8S8 119 8 256c0 123.78 90.69 226.38 209.25 245V327.69h-63V256h63v-54.64c0-62.15 37-96.48 93.67-96.48 27.14 0 55.52 4.84 55.52 4.84v61h-31.28c-30.8 0-40.41 19.12-40.41 38.73V256h68.78l-11 71.69h-57.78V501C413.31 482.38 504 379.78 504 256z\"><\/path><\/svg>\t\t\t\t\t<\/a>\n\t\t\t\t<\/span>\n\t\t\t\t\t\t\t<span class=\"elementor-grid-item\" role=\"listitem\">\n\t\t\t\t\t<a class=\"elementor-icon elementor-social-icon elementor-social-icon-twitter elementor-repeater-item-976a105\" target=\"_blank\">\n\t\t\t\t\t\t<span class=\"elementor-screen-only\">Twitter<\/span>\n\t\t\t\t\t\t<svg aria-hidden=\"true\" class=\"e-font-icon-svg e-fab-twitter\" viewBox=\"0 0 512 512\" xmlns=\"http:\/\/www.w3.org\/2000\/svg\"><path d=\"M459.37 151.716c.325 4.548.325 9.097.325 13.645 0 138.72-105.583 298.558-298.558 298.558-59.452 0-114.68-17.219-161.137-47.106 8.447.974 16.568 1.299 25.34 1.299 49.055 0 94.213-16.568 130.274-44.832-46.132-.975-84.792-31.188-98.112-72.772 6.498.974 12.995 1.624 19.818 1.624 9.421 0 18.843-1.3 27.614-3.573-48.081-9.747-84.143-51.98-84.143-102.985v-1.299c13.969 7.797 30.214 12.67 47.431 13.319-28.264-18.843-46.781-51.005-46.781-87.391 0-19.492 5.197-37.36 14.294-52.954 51.655 63.675 129.3 105.258 216.365 109.807-1.624-7.797-2.599-15.918-2.599-24.04 0-57.828 46.782-104.934 104.934-104.934 30.213 0 57.502 12.67 76.67 33.137 23.715-4.548 46.456-13.32 66.599-25.34-7.798 24.366-24.366 44.833-46.132 57.827 21.117-2.273 41.584-8.122 60.426-16.243-14.292 20.791-32.161 39.308-52.628 54.253z\"><\/path><\/svg>\t\t\t\t\t<\/a>\n\t\t\t\t<\/span>\n\t\t\t\t\t\t\t<span class=\"elementor-grid-item\" role=\"listitem\">\n\t\t\t\t\t<a class=\"elementor-icon elementor-social-icon elementor-social-icon-youtube elementor-repeater-item-b7e56b2\" target=\"_blank\">\n\t\t\t\t\t\t<span class=\"elementor-screen-only\">Youtube<\/span>\n\t\t\t\t\t\t<svg aria-hidden=\"true\" class=\"e-font-icon-svg e-fab-youtube\" viewBox=\"0 0 576 512\" xmlns=\"http:\/\/www.w3.org\/2000\/svg\"><path d=\"M549.655 124.083c-6.281-23.65-24.787-42.276-48.284-48.597C458.781 64 288 64 288 64S117.22 64 74.629 75.486c-23.497 6.322-42.003 24.947-48.284 48.597-11.412 42.867-11.412 132.305-11.412 132.305s0 89.438 11.412 132.305c6.281 23.65 24.787 41.5 48.284 47.821C117.22 448 288 448 288 448s170.78 0 213.371-11.486c23.497-6.321 42.003-24.171 48.284-47.821 11.412-42.867 11.412-132.305 11.412-132.305s0-89.438-11.412-132.305zm-317.51 213.508V175.185l142.739 81.205-142.739 81.201z\"><\/path><\/svg>\t\t\t\t\t<\/a>\n\t\t\t\t<\/span>\n\t\t\t\t\t<\/div>\n\t\t\t\t\t\t<\/div>\n\t\t\t\t<\/div>\n\t\t\t\t<\/div>\n\t\t\t\t<\/div>\n\t\t\t\t\t<\/div>\n\t\t\t\t<\/div>\n\t\t<div class=\"elementor-element elementor-element-0df9804 e-flex e-con-boxed e-con e-parent\" data-id=\"0df9804\" data-element_type=\"container\" data-e-type=\"container\">\n\t\t\t\t\t<div class=\"e-con-inner\">\n\t\t<div class=\"elementor-element elementor-element-e82adef e-con-full e-flex e-con e-child\" data-id=\"e82adef\" data-element_type=\"container\" data-e-type=\"container\">\n\t\t\t\t<div class=\"elementor-element elementor-element-c77a0d6 elementor-widget elementor-widget-heading\" data-id=\"c77a0d6\" data-element_type=\"widget\" data-e-type=\"widget\" data-widget_type=\"heading.default\">\n\t\t\t\t\t<h2 class=\"elementor-heading-title elementor-size-default\">\u00a9 2025 Music Christian. Todos los derechos reservados.<\/h2>\t\t\t\t<\/div>\n\t\t\t\t<\/div>\n\t\t\t\t\t<\/div>\n\t\t\t\t<\/div>\n\t\t\t\t<\/div>\n\t\t","protected":false},"excerpt":{"rendered":"<p>Montesanto irrumpe con \u2018Como David\u2019: un himno de fe, valent\u00eda y adoraci\u00f3n contempor\u00e1nea Despu\u00e9s de un per\u00edodo sin estrenos, la aclamada banda cristiana Montesanto, originaria de Venezuela y formada en 2015, vuelve con toda su energ\u00eda e inspiraci\u00f3n. Su m\u00e1s reciente sencillo, \u201cComo David\u201d, cuenta con la colaboraci\u00f3n del artista urbano Jairon High, marcando una [&hellip;]<\/p>\n","protected":false},"author":1,"featured_media":0,"parent":0,"menu_order":0,"comment_status":"closed","ping_status":"closed","template":"elementor_header_footer","meta":{"_eb_attr":"","footnotes":""},"class_list":["post-133","page","type-page","status-publish","hentry"],"_links":{"self":[{"href":"https:\/\/caran.website\/musicchristian\/wp-json\/wp\/v2\/pages\/133","targetHints":{"allow":["GET"]}}],"collection":[{"href":"https:\/\/caran.website\/musicchristian\/wp-json\/wp\/v2\/pages"}],"about":[{"href":"https:\/\/caran.website\/musicchristian\/wp-json\/wp\/v2\/types\/page"}],"author":[{"embeddable":true,"href":"https:\/\/caran.website\/musicchristian\/wp-json\/wp\/v2\/users\/1"}],"replies":[{"embeddable":true,"href":"https:\/\/caran.website\/musicchristian\/wp-json\/wp\/v2\/comments?post=133"}],"version-history":[{"count":13,"href":"https:\/\/caran.website\/musicchristian\/wp-json\/wp\/v2\/pages\/133\/revisions"}],"predecessor-version":[{"id":248,"href":"https:\/\/caran.website\/musicchristian\/wp-json\/wp\/v2\/pages\/133\/revisions\/248"}],"wp:attachment":[{"href":"https:\/\/caran.website\/musicchristian\/wp-json\/wp\/v2\/media?parent=133"}],"curies":[{"name":"wp","href":"https:\/\/api.w.org\/{rel}","templated":true}]}}